is m(24)?
-5040
Let a(h) = -705*h - 256845. Determine a(-364).
-225
Let i(j) = -64*j**2 - 2617*j + 265. Calculate i(-41).
-22
Let f(b) = 41*b**2 - 377*b + 22. Give f(9).
-50
Let a(y) = -y**3 + 7*y**2 + 554*y + 132. Calculate a(-20).
-148
Let k(z) = 164*z + 46058. What is k(-281)?
-26
Let q(s) = -2*s**3 + 4*s**2 + 295*s + 1793. Give q(-6).
599
Let b(q) = q**3 + 29*q**2 + 47*q - 2680. Determine b(-16).
-104
Let f(t) = -t**2 + 183*t - 7515. Calculate f(64).
101
Let s(g) = 2876*g + 934717. Calculate s(-325).
17
Let t(j) = 2*j**3 - 50*j**2 + 1923*j - 42640. What is t(23)?
-527
Let w(u) = -2618*u - 7873. What is w(-3)?
-19
Let m(k) = -18*k**2 + 243*k - 1311. Calculate m(13).
-1194
Let a(q) = 71*q + 6132. Calculate a(-83).
239
Let o(a) = -a**2 - 22176*a + 7518346. What is o(334)?
6
Let z(q) = -9653*q - 48254. Give z(-5).
11
Let y(j) = -11*j**2 - 470*j + 2421. What is y(-47)?
212
Let b(o) = o**2 + 81195*o - 243586. Calculate b(3).
8
Let y(j) = -1062*j + 114090. What is y(108)?
-606
Let w(j) = 61*j - 2282. Give w(33).
-269
Let u(k) = -2*k**2 + 29*k + 15. What is u(0)?
15
Let j(g) = g**3 - 29*g**2 + 25577*g - 768207. Determine j(30).
3
Let b(u) = -2*u**3 + 46*u**2 + 47*u - 415. What is b(24)?
-439
Let m(i) = -251*i - 17344. Determine m(-76).
1732
Let a(u) = 3368*u + 1485351. Calculate a(-441).
63
Let g(w) = -9*w**3 + 278*w**2 + 833*w - 6. Give g(-3).
240
Let f(a) = -177*a + 513. Give f(16).
-2319
Let b(w) = -w**2 + 165*w - 6656. Calculate b(96).
-32
Let y(v) = -18*v**2 + 356*v + 159. Determine y(22).
-721
Let c(h) = -3*h**3 - 245*h**2 + 10*h - 5628. Determine c(-82).
276
Let m(b) = 2508*b**2 - 27578*b - 46. Calculate m(11).
64
Let s(l) = 1772*l**3 - 471353*l**2 + 269*l - 802. Determine s(266).
-4
Let z(n) = n**3 - 11*n**2 + 782*n - 7641. Give z(10).
79
Let k(f) = 2*f**2 + 416*f - 20919. What is k(42)?
81
Let a(o) = 28*o - 274. What is a(10)?
6
Let x(c) = -10*c**2 - 10118*c + 145690. What is x(-1026)?
-2
Let q(j) = -j**2 - 105*j + 91821. What is q(253)?
1247
Let n(b) = -b**3 - 11*b**2 + 44*b + 1055. Calculate n(-10).
515
Let g(p) = p**3 + 106*p**2 + 302*p - 1146. Give g(-103).
-425
Let j(q) = -7538*q - 120626. Calculate j(-16).
-18
Let a(m) = -11*m**2 + 5595*m - 105625. Give a(489).
-1
Let x(d) = -2*d**3 - 113*d**2 - 522*d - 2799. Determine x(-52).
9
Let u(f) = f**2 - 143*f + 2461. Calculate u(20).
1
Let m(i) = -i**2 - 14302*i - 200029. Give m(-14).
3
Let c(i) = 12281*i + 208735. Give c(-17).
-42
Let l(w) = w**3 - 29*w**2 - 56*w + 78. Determine l(30).
-702
Let g(v) = 4*v**2 + 175*v + 214. Give g(-43).
85
Let j(k) = k**3 - 4*k**2 + 545*k + 2331. Calculate j(-4).
23
Let n(a) = -61*a**2 - 4929*a - 4928. Determine n(-1).
-60
Let p(x) = -647*x**2 + 13454*x + 2799. Give p(21).
6
Let j(l) = 4*l**3 + 44*l**2 - 44753*l - 492286. What is j(-11)?
-3
Let n(y) = 2492*y**2 + 42441*y + 1311. Give n(-17).
2
Let s(g) = 43*g**2 - 711*g + 2842. What is s(10)?
32
Let q(d) = -468*d - 70332. Calculate q(-148).
-1068
Let t(m) = -m**3 + 66*m**2 - 795*m - 3196. What is t(21)?
-46
Let j(h) = -37955*h + 75937. Calculate j(2).
27
Let p(v) = 38*v**3 + 1311*v**2 - 660*v + 107. Determine p(-35).
-68
Let f(h) = h**3 + 61*h**2 + 671*h - 137. Give f(-15).
148
Let i(c) = -c**2 + 2072*c - 30794. Calculate i(15).
61
Let n(v) = 3*v**3 + 235*v**2 + 276*v - 2482. Determine n(-77).
-18
Let u(n) = -2992*n + 212317. Give u(71).
-115
Let h(p) = -2*p**2 - 103891*p + 623413. What is h(6)?
-5
Let k(a) = a**3 - 12*a**2 - 137*a + 1687. Calculate k(14).
161
Let u(c) = 34*c - 2746. Determine u(84).
110
Let y(b) = 10*b**3 + 2444*b**2 + 1139*b + 39761. Calculate y(-244).
-11
Let x(s) = -12738*s - 7438987. Give x(-584).
5
Let g(p) = 116736*p - 700349. Calculate g(6).
67
Let d(m) = -m**3 - 66*m**2 - 122*m + 325. Give d(-64).
-59
Let u(v) = 9596*v - 9878. What is u(1)?
-282
Let x(t) = 9*t**2 - 54*t + 571. Calculate x(19).
2794
Let y(p) = 14501*p + 4132787. Calculate y(-285).
2
Let u(c) = 126*c**2 - 36601*c - 18854. Give u(291).
61
Let s(k) = 93*k**2 - 10821*k - 7019. What is s(117)?
1
Let x(c) = -c**3 - 331*c**2 - 6228*c - 2526. Calculate x(-311).
-38
Let t(c) = -c**3 - 411*c**2 + 3728*c - 21865. Give t(-420).
-25
Let z(y) = -y**2 + 1836*y + 1467681. Give z(-602).
5
Let a(m) = 148*m - 8031. Determine a(53).
-187
Let y(h) = 95643*h + 1530472. Calculate y(-16).
184
Let j(i) = -4056*i + 693543. What is j(171)?
-33
Let p(a) = -558*a - 47460. Give p(-85).
-30
Let z(i) = -2*i**2 + 97728*i - 586295. Give z(6).
1
Let a(q) = -289675*q + 1158673. What is a(4)?
-27
Let d(k) = -4107*k - 176589. Determine d(-43).
12
Let z(a) = 22529*a - 67653. Calculate z(3).
-66
Let i(t) = t**3 - 990*t**2 - 52*t + 16. Determine i(0).
16
Let j(x) = -17204*x + 34508. Calculate j(2).
100
Let n(p) = -4468*p + 26477. Calculate n(6).
-331
Let r(g) = -g**3 - 41*g**2 + 336*g + 14894. Calculate r(-43).
4144
Let s(b) = -b**2 - 1647*b - 498685. What is s(-400)?
115
Let j(p) = -53*p**2 - 2398*p + 16768. What is j(7)?
-2615
Let q(h) = 2862*h - 417. Calculate q(1).
2445
Let m(z) = 2*z**2 + 149*z - 18805. Determine m(-141).
-52
Let k(s) = 29*s**2 + 33456*s + 121905. Calculate k(-1150).
5
Let g(n) = -360*n**3 - 2591*n**2 - 3*n + 38. Give g(-7).
-3420
Let g(u) = -230*u - 12361. Give g(-54).
59
Let a(h) = -10*h**2 - 67*h + 47. What is a(3)?
-244
Let b(m) = m**3 - 89*m**2 + 1608*m + 781. Determine b(26).
1
Let j(n) = -n**3 - 46*n**2 - 128*n - 1918. Give j(-44).
-158
Let k(m) = 1316*m + 407886. Calculate k(-310).
-74
Let q(r) = -r**3 - 347*r**2 - 708*r - 6213. Give q(-345).
-3
Let z(a) = a**2 - 23245*a - 12819572. Determine z(-539).
4
Let q(n) = 38*n**2 - 99*n - 1905. Give q(-6).
57
Let q(x) = 10*x**3 + 39*x**2 - 131*x - 54. Calculate q(-6).
-24
Let r(u) = -3*u**3 + 37*u**2 - 20*u + 114. Calculate r(18).
-5754
Let w(m) = m**3 + 5511*m**2 - 249996*m - 1082. Give w(45).
-2
Let x(a) = a**2 - 37*a - 191. Calculate x(0).
-191
Let k(f) = f**3 + 14*f**2 - 2688*f + 4336. Give k(-60).
16
Let q(h) = h**3 - 14*h**2 + 939*h - 7568. Calculate q(8).
-440
Let n(q) = q**3 + 23*q**2 + 58*q + 168. Determine n(-19).
510
Let z(c) = 1508*c - 3328. What is z(3)?
1196
Let y(a) = 2*a**2 + 472056*a - 944115. Calculate y(2).
5
Let l(h) = -h**3 + 68*h**2 - 570*h + 90. Calculate l(9).
-261
Let s(b) = b**3 - 19*b**2 - 115*b - 285. Determine s(21).
-1818
Let a(v) = v**2 - 367*v + 7667. Calculate a(23).
-245
Let s(h) = -11304*h**2 - 56499*h + 12. Give s(-5).
-93
Let n(z) = -3*z**3 - 12*z**2 - 543*z + 2737. Determine n(5).
-653
Let b(m) = -6*m**3 - 127*m**2 + 109*m + 169. Determine b(-22).
191
Let x(k) = -6*k**3 - 160*k**2 - 231*k - 3717. Calculate x(-26).
-415
Let w(h) = -3947*h + 73641. Calculate w(19).
-1352
Let i(k) = -20*k**3 - 203*k**2 + 8056*k + 80864. Determine i(-10).
4
Let a(r) = r**2 - 5378*r - 3534233. Determine a(-592).
7
Let h(y) = 8*y**2 + 487*y + 5726. Determine h(-16).
-18
Let m(z) = -98*z - 5044. What is m(-59)?
738
Let b(o) = -18556*o - 55608. Calculate b(-3).
60
Let h(w) = 30396*w + 1215685. What is h(-40)?
-155
Let g(a) = 43*a**2 - 6753*a + 340. Determine g(157).
26
Let n(c) = 2475*c + 37160. Calculate n(-15).
35
Let c(y) = y**2 + 33*y + 1918. Calculate c(-36).
2026
Let r(q) = 37*q**2 - 2258*q + 2336. Give r(60).
56
Let v(a) = 4*a**2 - 107*a + 731. What is v(18)?
101
Let j(y) = 1177*y + 9373. Give j(-8).
-43
Let r(q) = 19437*q - 77701. Calculate r(4).
47
Let l(j) = 5825*j + 18576. Calculate l(-3).
1101
Let p(q) = -12460524*q + 24921054. What is p(2)?
6
Let f(u) = 17814*u - 1710132. Calculate f(96).
12
Let n(d) = d**3 + 131*d**2 + 2722*d - 381. What is n(-105)?
459
Let o(x) = 2126*x + 1517983. Give o(-714).
19
Let c(z) = -2347*z - 53967. Determine c(-23).
14
Let h(r) = 7774*r + 108359. What is h(-14)?
-477
Let b(h) = h**3 - 55*h**2 + 199*h - 14343. Calculate b(56).
-63
Let w(o) = 34*o**2 + 3697*o - 976. What is w(-109)?
5
Let v(a) = 13*a**2 - 6496*a + 32156. Determine v(5).
1
Let a(g) = -1371*g - 104233. Determine a(-76).
-37
Let g(l) = -105*l + 24373. Determine g(232).
13
Let h(z) = 182*z - 11428. Calculate h(67).
766
Let a(d) = 221*d - 2758. What is a(13)?
115
Let t(d) = -207*d**2 - 6018*d - 466. Give t(-29).
-31
Let q(j) = -j**2 + 49310*j - 1330641. Give q(27).
0
Let o(w) = -w**2 + 468*w - 53472. What is o(195)?
-237
Let y(n) = -3*n**3 + 27*n**2 + 199*n + 125. 